2)/m + (-84)/10. What is the units digit of u(h)?
3
What is the tens digit of 94 - 3*(-3)/(-9)?
9
Let v(t) be the first derivative of -11*t**2 + t - 2. Let z be v(-1). What is the units digit of (-2)/(-6) - z/(-3)?
8
Suppose 5*s + 27 = -2*p - 113, -5*p = 4*s + 129. Let i = s - -43. What is the tens digit of i?
1
Let u(q) = -2*q - 1. Let f(s) = -5*s - 2. Let y(h) = -4*f(h) + 11*u(h). Suppose -3*i = j + 9, j + 2 = -3*j + 5*i. What is the units digit of y(j)?
3
Suppose m - 23 = -3*m + 3*l, 0 = 3*m - 4*l - 26. Suppose -m*h = 2*h - 12. What is the units digit of h?
3
Let j be (45/6)/(3/4). Let o = -5 + j. What is the units digit of o?
5
Let c be 10/45 - 43/(-9). Suppose -2 = -z + 3, 0 = -3*o + c*z + 32. What is the units digit of o?
9
Suppose -4*r = -8 - 4. Let m(h) = h**2 + h - 3. What is the units digit of m(r)?
9
Let k(u) = 5*u**2 - u + 1. What is the units digit of k(-1)?
7
Suppose 5*b + 8 - 33 = 0. Let x = -2 + b. Suppose 2*v - 9 = 5*r, -v - x*r = -4*r - 3. What is the units digit of v?
2
Suppose -3 - 6 = 3*z. Let l = z - -19. What is the tens digit of l?
1
Let t(l) = -l**3 + 5*l**2 - 4*l + 6. Let c be t(4). Let f(n) = -n**3 + 5*n**2 + 7*n + 1. What is the units digit of f(c)?
7
Let r(f) = 9*f - 5. Let d be r(6). Let j be (-38 - -16)*3/2. Let q = d + j. What is the tens digit of q?
1
Let n(u) = -u**2 - 12*u - 9. Suppose 4*m + g + 40 = 0, -g - 3*g = -3*m - 11. What is the units digit of n(m)?
8
Suppose -2*y - y + 23 = 2*x, 0 = 4*y - 2*x - 12. Suppose y*q + 57 = -83. Let r = -16 - q. What is the tens digit of r?
1
Let k be 14 + (-3)/(-1) - 1. Suppose k = y + y. What is the units digit of y?
8
Let c be (-3416)/(-49) - 2/(-7). Suppose -5*k = 6*t - t - c, 6 = 3*k. What is the units digit of t?
2
Let m = -67 + 105. What is the units digit of m?
8
Let g be 2 - (-1 + 2) - -17. Suppose -2*r - g - 18 = 0. Let q = -4 - r. What is the tens digit of q?
1
Suppose 32 + 14 = 2*s. What is the tens digit of s?
2
What is the hundreds digit of 2*((-966)/(-12) - 2)?
1
Suppose 5*p - 24 = p. What is the units digit of p?
6
What is the units digit of (-1)/5 + (-62)/(-10)?
6
What is the tens digit of 83/((-3)/3 + 2)?
8
Let j(y) = y + 20. Let z = 10 + -10. What is the tens digit of j(z)?
2
Suppose 0*t = -3*t + 21. Suppose 0 = -3*d + t*d - 56. What is the units digit of d?
4
Let b(o) = o - 8. Let g be b(8). Suppose -3*w + 4*w + r - 48 = g, 6 = 2*r. What is the units digit of w?
5
Let n = 46 + -29. Suppose 5*h + n = -58. What is the units digit of ((-2)/3)/(2/h)?
5
What is the tens digit of 157/4 + 6/8?
4
Let x(f) = f**2 - 10*f + 1. What is the units digit of x(21)?
2
Suppose -2*a + 52 = 2*a. Suppose 9 + a = 2*i. What is the units digit of i?
1
Let a(i) = -i**2 - 4*i - 3. Let s be a(-2). Suppose s = b - 2. Suppose 0 = -0*y + 2*y - 4*t - 28, -b*t - 41 = -4*y. What is the units digit of y?
8
Let h be (-2 - -24) + (-1)/(-1). Let g = -16 + h. What is the units digit of (16/(-28))/((-2)/g)?
2
Suppose 5*b + 230 - 695 = 0. What is the units digit of b?
3
Let g(m) = 2*m**2 - 44*m - 30. What is the tens digit of g(24)?
6
Let f be (0 - 9)*(-1 - 0). Let s(k) = k**3 - 9*k**2 + k - 6. Let h be s(f). Let j(t) = -t**3 + 4*t**2 - t. What is the units digit of j(h)?
6
Suppose 2*i - 3*c - 28 = 0, 3*c + 8 = i - 0*c. Suppose 2*k + 4 = 0, i = 2*m - 3*k + 8*k. What is the tens digit of m?
1
What is the tens digit of 17/(3 + -5 + 3)?
1
Let o = 1 + 11. Let q = -6 + o. What is the units digit of (q/(-4))/(9/(-12))?
2
Let b(l) = 8*l. Let n = 3 - 0. Suppose v = 4 - n. What is the units digit of b(v)?
8
Suppose 0 = 12*z - z - 440. What is the units digit of z?
0
Suppose 3*o + 5*y = 34 + 32, -5*y = 4*o - 83. Suppose 2*j - o = 13. What is the units digit of j?
5
Suppose l + 38 + 118 = 5*a, 5*a - 3*l - 148 = 0. What is the tens digit of a?
3
Let j = 24 - -67. What is the tens digit of j?
9
What is the tens digit of 1/5 + 4 + 488/10?
5
What is the hundreds digit of (135/(-6) + 2)/((-3)/36)?
2
Suppose 4*y + 2*w = 2*y + 16, 2*y = 2*w + 4. Suppose 4*h - y*h - 14 = 0. What is the units digit of ((-100)/35)/(4/h)?
0
Suppose v = 5*a - a + 16, -v = 2*a + 2. Suppose b - 5*y - 1 = 0, 5*b + 9*y = v*y + 65. What is the tens digit of b?
1
Let i be (-9)/(-2) + (-1)/2. Let d be (i - 1)*4/(-3). What is the tens digit of 39/4 + (-1)/d?
1
Let o = 20 - 17. Let t(p) = p**3 - p**2 + 3*p - 3. What is the units digit of t(o)?
4
Suppose -2*t = f - 9, 5*f + 4*t = 36 - 3. Suppose 5*z - 105 = -f*x, -x = -2*x + 5*z + 15. What is the tens digit of x?
2
Let m(k) = 6*k**2 - k + k**3 - 2 - 2*k**2 - 2*k. Let x be m(-5). What is the units digit of (-5)/(15/2)*x?
8
Let n be -3*(156/(-9))/4. Let i = n + -7. What is the units digit of (-1)/i - 110/(-12)?
9
What is the hundreds digit of (253 - 2)*1 - -5?
2
Suppose 0 = -2*c + 4, 454 = 5*o - 4*c + 137. What is the units digit of 2/(-8) - o/(-20)?
3
Suppose 11 + 16 = r + 3*c, 3*r = 4*c + 133. What is the units digit of r?
9
Suppose g + 2*g - 2*b = -10, 0 = b - 5. Suppose 28 = -2*q - g*q. Let m = -8 - q. What is the units digit of m?
6
Let z(x) = x + 2. Suppose -2*g + 60 = -7*g. Let c = -7 - g. What is the units digit of z(c)?
7
Let m(n) = -n**2 + 10*n. Suppose 4*h - 12 = -4*t, 2*t - 2 = -0. Let v(o) = 1. Let s(d) = h*v(d) + m(d). What is the tens digit of s(9)?
1
Suppose 4*n + 17 = -11. Let r = 21 - n. What is the units digit of r?
8
Let l(o) = o**2 - o + 3. Let k be l(-2). Let n = 3 + k. What is the tens digit of n?
1
Suppose -20 = -b - 3*p, 0*b - 2*p = 2*b - 36. Suppose -b = 3*n + 5*f, n - 3*f - 17 = -4*n. What is the units digit of n?
1
Suppose -3*w + 392 + 241 = 0. What is the hundreds digit of w?
2
Let w = -8 + 14. Let l(t) be the first derivative of t**3/3 - 3*t**2 + 3*t + 6. What is the units digit of l(w)?
3
Suppose -8*t = -5*t - 705. What is the tens digit of t?
3
Let t(b) = b**3 - b. Let u(r) = 5*r**3 - 8*r**2 - 8*r + 3. Let a(q) = 6*t(q) - u(q). What is the units digit of a(-7)?
2
Let k(n) = 17*n**2 + 0 - 2 - 3*n - 8 - n**3 - 12*n. What is the units digit of k(16)?
6
Suppose -3*c = -0 - 6, 4*c - 44 = -4*o. Suppose 5*s = o + 1. What is the units digit of s?
2
Suppose -4*i - 46 = -142. Let p = i + -14. What is the tens digit of p?
1
Let n = 195 + -90. What is the units digit of n?
5
Let h(z) be the first derivative of 10*z**3/3 - z**2/2 - 2*z - 1. Let n be h(-2). Suppose -l - 2*l - c = -8, 5*l - n = 5*c. What is the units digit of l?
4
Let u(p) be the second derivative of p**5/20 - 7*p**4/12 - 4*p**3/3 + 4*p**2 - 2*p. Let q be u(8). Let a = q - 6. What is the units digit of a?
2
Suppose 7*h = 3*h - 8. What is the units digit of h/9 + (-47)/(-9)?
5
Let h(v) = -v**3 + 4*v**2 - v + 3. Let m be h(4). What is the units digit of m - (1 + -3 + 0)?
1
Let t = -153 + 216. What is the tens digit of t?
6
Let g = 0 - -8. Let k(v) = -v**2 + 13*v + 4. What is the units digit of k(g)?
4
Let x be 201/15 + 2/(-5). Let r = x + -5. What is the units digit of r?
8
Let q be 3/12 + (-46)/(-8). Suppose 0 = -2*x - 0*x + q. What is the units digit of x?
3
Let h be 5*-1*(-2)/2. Suppose 0 = -5*r - h, -3*b - 5*r + 4 = -0*b. Suppose -o + 15 = 4*p - 2*p, b*p - 5*o = 16. What is the units digit of p?
7
Let m be 10/(-4)*(-7 + 5). Suppose z - 71 = -4*q, -39 = -m*q - z + 51. What is the units digit of q?
9
Let s be -3 - (-3 + 4)*-2. What is the units digit of 4 - (-2 + s) - -1?
8
Suppose 0 = -r - 0*r - 8. Let z = -2 - r. What is the units digit of z?
6
Let y(q) = 9*q**2 - 4*q - 5. Let s(z) = z**2 - z. Let m(o) = -5*s(o) + y(o). What is the tens digit of m(3)?
3
Suppose -2*c + 2*j = 3*c - 71, 0 = -c + 4*j + 7. Let a = c - -19. What is the units digit of a?
4
Suppose -2*q - 76 = -6*q. Let n(t) = -t**3. Let o be n(0). Suppose -5*x + 27 = 3*k - 34, -x - 4*k + q = o. What is the units digit of x?
1
Let o(b) = b**3 - b**2 + 3. Let g = -2 - -2. Let p be o(g). What is the tens digit of p*-5*(-6)/9?
1
Suppose -3*t - 9 = 3. Let g = t + 10. Let j(r) = r**3 - 5*r**2 - 5*r + 8. What is the units digit of j(g)?
4
Let y = -4 + 4. Suppose y*v - 12 = -3*v + 3*l, 0 = -v - 3*l - 8. Suppose v = -3*f + 13. What is the units digit of f?
4
Let b = 32 - 15. What is the units digit of b?
7
Let q be (4/(-3))/(10/(-15)). Suppose -q*r - u + 14 = -5, -2*r - 2*u = -18. What is the units digit of r?
0
Let x = 5 + 29. Suppose q - 5*o + o = x, 